{"id":86,"date":"2023-10-10T16:36:31","date_gmt":"2023-10-10T16:36:31","guid":{"rendered":"https:\/\/svtvalut.net\/?page_id=86"},"modified":"2025-01-27T10:10:28","modified_gmt":"2025-01-27T10:10:28","slug":"liesitasot-ja-keittolevyt","status":"publish","type":"page","link":"https:\/\/svtvalut.net\/index.php\/liesitasot-ja-keittolevyt\/","title":{"rendered":"Liesitasot ja keittolevyt"},"content":{"rendered":"\n<p class=\"has-cyan-bluish-gray-background-color has-background\" style=\"font-size:1px\"><\/p>\n\n\n\n<div class=\"wp-block-media-text is-stacked-on-mobile has-white-background-color has-background\" style=\"grid-template-columns:20% auto\"><figure class=\"wp-block-media-text__media\"><a href=\"https:\/\/svtvalut.net\/wp-content\/uploads\/2023\/10\/301.jpg\" target=\"_blank\" rel=\"noreferrer noopener\"><img loading=\"lazy\" decoding=\"async\" width=\"600\" height=\"404\" src=\"https:\/\/svtvalut.net\/wp-content\/uploads\/2023\/10\/301.jpg\" alt=\"\" class=\"wp-image-103 size-full\" srcset=\"https:\/\/svtvalut.net\/wp-content\/uploads\/2023\/10\/301.jpg 600w, https:\/\/svtvalut.net\/wp-content\/uploads\/2023\/10\/301-300x202.jpg 300w\" sizes=\"auto, (max-width: 600px) 100vw, 600px\" \/><\/a><\/figure><div class=\"wp-block-media-text__content\">\n<p class=\"has-text-align-center\">301<\/p>\n\n\n\n<p class=\"has-text-align-center\">LIESITASO 5A<\/p>\n\n\n\n<p class=\"has-text-align-center\">Sis\u00e4mitta 450\u00d7690 mm<br>Ulkomitta 460\u00d7700 mm Paino: 29 kg<\/p>\n\n\n\n<p><\/p>\n<\/div><\/div>\n\n\n\n<p class=\"has-cyan-bluish-gray-background-color has-background\" style=\"font-size:1px\"><\/p>\n\n\n\n<div class=\"wp-block-media-text is-stacked-on-mobile has-white-background-color has-background\" style=\"grid-template-columns:20% auto\"><figure class=\"wp-block-media-text__media\"><a href=\"https:\/\/svtvalut.net\/wp-content\/uploads\/2023\/10\/302.jpg\" target=\"_blank\" rel=\"noreferrer noopener\"><img loading=\"lazy\" decoding=\"async\" width=\"683\" height=\"468\" src=\"https:\/\/svtvalut.net\/wp-content\/uploads\/2023\/10\/302.jpg\" alt=\"\" class=\"wp-image-104 size-full\" srcset=\"https:\/\/svtvalut.net\/wp-content\/uploads\/2023\/10\/302.jpg 683w, https:\/\/svtvalut.net\/wp-content\/uploads\/2023\/10\/302-300x206.jpg 300w\" sizes=\"auto, (max-width: 683px) 100vw, 683px\" \/><\/a><\/figure><div class=\"wp-block-media-text__content\">\n<p class=\"has-text-align-center\">302<\/p>\n\n\n\n<p class=\"has-text-align-center\">LIESITASO 3A<\/p>\n\n\n\n<p class=\"has-text-align-center\">Sis\u00e4mitta 640&#215;970 mm<br>Ulkomitta 650\u00d7980 mm Paino: 45 kg<\/p>\n<\/div><\/div>\n\n\n\n<p class=\"has-cyan-bluish-gray-background-color has-background\" style=\"font-size:1px\"><\/p>\n\n\n\n<div class=\"wp-block-media-text is-stacked-on-mobile has-white-background-color has-background\" style=\"grid-template-columns:24% auto\"><figure class=\"wp-block-media-text__media\"><img loading=\"lazy\" decoding=\"async\" width=\"177\" height=\"149\" src=\"https:\/\/svtvalut.net\/wp-content\/uploads\/2023\/10\/303.jpg\" alt=\"\" class=\"wp-image-105 size-full\"\/><\/figure><div class=\"wp-block-media-text__content\">\n<p class=\"has-text-align-center\">303-308<\/p>\n\n\n\n<p class=\"has-text-align-center\">303 Keittolevy<a href=\"Paino: 30kg\"> <\/a>1   Halkaisija 207 mm<br>304 Keittolevy 2   Halkaisija 263 mm<br>305 Keittolevy 3   Halkaisija 325 mm<br>306 Keittolevy 4   Halkaisija 393 mm<br>307 Keittolevy 5   Halkaisija 295 mm<br>308 Keittolevy 6   Halkaisija 360 mm<\/p>\n<\/div><\/div>\n\n\n\n<p class=\"has-cyan-bluish-gray-background-color has-background\" style=\"font-size:1px\"><\/p>\n\n\n\n<div class=\"wp-block-media-text is-stacked-on-mobile has-white-background-color has-background\" style=\"grid-template-columns:21% auto\"><figure class=\"wp-block-media-text__media\"><a href=\"https:\/\/svtvalut.net\/wp-content\/uploads\/2023\/10\/311.jpg\" target=\"_blank\" rel=\"noreferrer noopener\"><img loading=\"lazy\" decoding=\"async\" width=\"495\" height=\"359\" src=\"https:\/\/svtvalut.net\/wp-content\/uploads\/2023\/10\/311.jpg\" alt=\"\" class=\"wp-image-157 size-full\" srcset=\"https:\/\/svtvalut.net\/wp-content\/uploads\/2023\/10\/311.jpg 495w, https:\/\/svtvalut.net\/wp-content\/uploads\/2023\/10\/311-300x218.jpg 300w\" sizes=\"auto, (max-width: 495px) 100vw, 495px\" \/><\/a><\/figure><div class=\"wp-block-media-text__content\">\n<p class=\"has-text-align-center\">311<\/p>\n\n\n\n<p class=\"has-text-align-center\">LIESITASO 5A KERAAMISELLA TASOLLA<\/p>\n\n\n\n<p class=\"has-text-align-center\">Sis\u00e4mitta 450\u00d7690 mm<br>Ulkomitta 460\u00d7700 mm Paino: 15 kg<\/p>\n<\/div><\/div>\n\n\n\n<p class=\"has-cyan-bluish-gray-background-color has-background\" style=\"font-size:1px\"><\/p>\n\n\n\n<div class=\"wp-block-media-text is-stacked-on-mobile has-white-background-color has-background\" style=\"grid-template-columns:20% auto\"><figure class=\"wp-block-media-text__media\"><img loading=\"lazy\" decoding=\"async\" width=\"495\" height=\"345\" src=\"https:\/\/svtvalut.net\/wp-content\/uploads\/2023\/10\/312.jpg\" alt=\"\" class=\"wp-image-159 size-full\" srcset=\"https:\/\/svtvalut.net\/wp-content\/uploads\/2023\/10\/312.jpg 495w, https:\/\/svtvalut.net\/wp-content\/uploads\/2023\/10\/312-300x209.jpg 300w\" sizes=\"auto, (max-width: 495px) 100vw, 495px\" \/><\/figure><div class=\"wp-block-media-text__content\">\n<p class=\"has-text-align-center\">312<\/p>\n\n\n\n<p class=\"has-text-align-center\">LIESITASO 3A KERAAMISELLA TASOLLA<\/p>\n\n\n\n<p class=\"has-text-align-center\">Sis\u00e4mitta 640\u00d7970 mm<br>Ulkomitta 650\u00d7980 mm Paino: 31 kg<\/p>\n<\/div><\/div>\n\n\n\n<p class=\"has-cyan-bluish-gray-background-color has-background\" style=\"font-size:1px\"><\/p>\n\n\n\n<div class=\"wp-block-media-text is-stacked-on-mobile has-white-background-color has-background\" style=\"grid-template-columns:19% auto\"><figure class=\"wp-block-media-text__media\"><a href=\"https:\/\/svtvalut.net\/wp-content\/uploads\/2023\/10\/320.jpg\" target=\"_blank\" rel=\"noreferrer noopener\"><img loading=\"lazy\" decoding=\"async\" width=\"332\" height=\"314\" src=\"https:\/\/svtvalut.net\/wp-content\/uploads\/2023\/10\/320.jpg\" alt=\"\" class=\"wp-image-106 size-full\" srcset=\"https:\/\/svtvalut.net\/wp-content\/uploads\/2023\/10\/320.jpg 332w, https:\/\/svtvalut.net\/wp-content\/uploads\/2023\/10\/320-300x284.jpg 300w\" sizes=\"auto, (max-width: 332px) 100vw, 332px\" \/><\/a><\/figure><div class=\"wp-block-media-text__content\">\n<p class=\"has-text-align-center\">319<\/p>\n\n\n\n<p class=\"has-text-align-center\">LIESITASO KEITTOLEVYLL\u00c4 4<\/p>\n\n\n\n<p class=\"has-text-align-center\">Ulkomitta 470\u00d7530 mm<br> Paino: 18 kg<\/p>\n<\/div><\/div>\n\n\n\n<p class=\"has-cyan-bluish-gray-background-color has-background\" style=\"font-size:1px\"><\/p>\n\n\n\n<div class=\"wp-block-media-text is-stacked-on-mobile has-white-background-color has-background\" style=\"grid-template-columns:16% auto\"><figure class=\"wp-block-media-text__media\"><img loading=\"lazy\" decoding=\"async\" width=\"332\" height=\"314\" src=\"https:\/\/svtvalut.net\/wp-content\/uploads\/2023\/10\/320-1.jpg\" alt=\"\" class=\"wp-image-107 size-full\" srcset=\"https:\/\/svtvalut.net\/wp-content\/uploads\/2023\/10\/320-1.jpg 332w, https:\/\/svtvalut.net\/wp-content\/uploads\/2023\/10\/320-1-300x284.jpg 300w\" sizes=\"auto, (max-width: 332px) 100vw, 332px\" \/><\/figure><div class=\"wp-block-media-text__content\">\n<p class=\"has-text-align-center\">320<\/p>\n\n\n\n<p class=\"has-text-align-center\">LIESITASO KEITTOLEVYLL\u00c4 1<\/p>\n\n\n\n<p class=\"has-text-align-center\">Ulkomitta 295\u00d7325 mm<br> Paino: 6 kg<\/p>\n<\/div><\/div>\n\n\n\n<p class=\"has-cyan-bluish-gray-background-color has-background\" style=\"font-size:1px\"><\/p>\n\n\n\n<div class=\"wp-block-media-text is-stacked-on-mobile has-white-background-color has-background\" style=\"grid-template-columns:24% auto\"><figure class=\"wp-block-media-text__media\"><img loading=\"lazy\" decoding=\"async\" width=\"600\" height=\"330\" src=\"https:\/\/svtvalut.net\/wp-content\/uploads\/2023\/10\/321.jpg\" alt=\"\" class=\"wp-image-108 size-full\" srcset=\"https:\/\/svtvalut.net\/wp-content\/uploads\/2023\/10\/321.jpg 600w, https:\/\/svtvalut.net\/wp-content\/uploads\/2023\/10\/321-300x165.jpg 300w\" sizes=\"auto, (max-width: 600px) 100vw, 600px\" \/><\/figure><div class=\"wp-block-media-text__content\">\n<p class=\"has-text-align-center\">321<\/p>\n\n\n\n<p class=\"has-text-align-center\">LIESITASO 5A SIS\u00c4OSA KEITTOLEVYILL\u00c4 1 ja 2<\/p>\n\n\n\n<p class=\"has-text-align-center\">Ulkomitta 345\u00d7580 mm<br> Paino: 14 kg<\/p>\n<\/div><\/div>\n","protected":false},"excerpt":{"rendered":"<p>301 LIESITASO 5A Sis\u00e4mitta 450\u00d7690 mmUlkomitta 460\u00d7700 mm Paino: 29 kg 302 LIESITASO 3A Sis\u00e4mitta 640&#215;970 mmUlkomitta 650\u00d7980 mm Paino: 45 kg 303-308 303 Keittolevy 1 Halkaisija 207 mm304 Keittolevy 2 Halkaisija 263 mm305 Keittolevy 3 Halkaisija 325 mm306 Keittolevy 4 Halkaisija 393 mm307 Keittolevy 5 Halkaisija 295 mm308 Keittolevy 6 Halkaisija 360 mm 311 [&hellip;]<\/p>\n","protected":false},"author":1,"featured_media":0,"parent":0,"menu_order":0,"comment_status":"closed","ping_status":"closed","template":"","meta":{"footnotes":""},"class_list":["post-86","page","type-page","status-publish","hentry"],"_links":{"self":[{"href":"https:\/\/svtvalut.net\/index.php\/wp-json\/wp\/v2\/pages\/86","targetHints":{"allow":["GET"]}}],"collection":[{"href":"https:\/\/svtvalut.net\/index.php\/wp-json\/wp\/v2\/pages"}],"about":[{"href":"https:\/\/svtvalut.net\/index.php\/wp-json\/wp\/v2\/types\/page"}],"author":[{"embeddable":true,"href":"https:\/\/svtvalut.net\/index.php\/wp-json\/wp\/v2\/users\/1"}],"replies":[{"embeddable":true,"href":"https:\/\/svtvalut.net\/index.php\/wp-json\/wp\/v2\/comments?post=86"}],"version-history":[{"count":6,"href":"https:\/\/svtvalut.net\/index.php\/wp-json\/wp\/v2\/pages\/86\/revisions"}],"predecessor-version":[{"id":461,"href":"https:\/\/svtvalut.net\/index.php\/wp-json\/wp\/v2\/pages\/86\/revisions\/461"}],"wp:attachment":[{"href":"https:\/\/svtvalut.net\/index.php\/wp-json\/wp\/v2\/media?parent=86"}],"curies":[{"name":"wp","href":"https:\/\/api.w.org\/{rel}","templated":true}]}}